se 3*h - 111 = -3*b, v*b = 4*h - 0*h + 104. What is the remainder when b is divided by 1692/180 + (-4)/10?
6
Let l(b) = -4*b + 26. What is the remainder when l(-10) is divided by 15?
6
Suppose -n + 23 = 5*b, 4*b - 5 = 3*b. Let s(r) = -6*r + 1. Calculate the remainder when 439/9 - 30/(-135) is divided by s(n).
10
What is the remainder when 141 is divided by 136/884 + 412/26?
13
Let k be ((16/(-4))/(-4))/1. Let z(v) = 35*v**2 - 21 + 2*v + v + 14 + 5. Calculate the remainder when z(k) is divided by 19.
17
Let g(c) = 4*c**3 + 1. Let h be g(2). Suppose -17*v + h = -14*v. Calculate the remainder when 39 is divided by v.
6
Let h(a) = 2*a**2 - 5*a + 5. Let v be h(4). Suppose 0 = -4*q - q + 2*w + v, -8 = -q + 5*w. What is the remainder when 8 is divided by q?
2
Suppose 5*c - 521 + 181 = 0. Let x be (30/35)/((-6)/(-21)). Suppose -5*l + 4*g = -111, 0*l + x*g - 26 = -l. What is the remainder when c is divided by l?
22
Suppose 0 = -3*v - 4*b + 39, -48 = -3*v - b - 0*b. Suppose -5*i = 3 - 23. What is the remainder when v is divided by i?
1
Let s be 363/12 + 2/(-8). Suppose 6*o - 3*o - s = 0. Let j = 26 - -1. What is the remainder when j is divided by o?
7
Let w = 4 - -10. Let g = w - 10. Suppose g*n - 2*q - 128 = 0, 5*q - 83 = -4*n + n. Calculate the remainder when 122 is divided by n.
29
Let z(i) = 53*i**3 + i**2 - 3*i + 3. Let v be 168/44 + 4/22. Suppose 37 = 4*m - t - 79, 0 = 2*m - v*t - 72. What is the remainder when z(1) is divided by m?
26
Suppose 3*z - 4*u = 2*z - 9, -5*z = -3*u - 6. Suppose d = -1 - 3, z*g - 13 = d. What is the remainder when 8 is divided by g?
2
Let o be 1 - (3 + 0 + -4). Suppose 0 = -3*f + 3*y + 24, -3*f - 24 = -7*f + o*y. Suppose -f = 4*u - 5*u. Calculate the remainder when 18 is divided by u.
2
Suppose 13*m + 5 = 96. What is the remainder when m is divided by 3?
1
Calculate the remainder when 215 is divided by 88/(-2)*((-2)/8)/1.
6
Let t(d) = d**2 - 6*d - 2. Let j(m) = -2*m**2 + 14*m + 6. Calculate the remainder when j(5) is divided by t(8).
12
Suppose v + 2*s = 12, -v + 25 = 5*s + 1. Suppose 61 = 69*u - 367 - 124. What is the remainder when u is divided by v?
0
Suppose -2*k + 1 = -5. Suppose -1 = -k*r + 32. Suppose 0 = 4*v - 25 - r. Calculate the remainder when 26 is divided by v.
8
Let s(h) = 38*h + 1. Let d be s(2). Let t(q) = -q**2 - 7*q - 44. Let i be t(-7). Let b = d + i. What is the remainder when b is divided by 12?
9
Suppose 0 = -6*g + 5*g, -4*q + 8 = g. Suppose -c + 3*c - 50 = 0. What is the remainder when 87 is divided by 20/c*45/q?
15
What is the remainder when (-3 - -2) + 1 + 38 + 3 is divided by 21*2/3 - 3?
8
Let m(j) = -j - 20. Let y be m(-23). What is the remainder when 47 is divided by y/(-6)*-7*2?
5
Let i = 2 + 97. What is the remainder when i is divided by 26?
21
Let u be 40/12*(-36)/(-15). Let q = u + -7. What is the remainder when 1 is divided by q?
0
Suppose -23 = 3*i - 29. Suppose i*h + 5*m = 143, 410 = 2*h + 3*h - 5*m. Suppose 2*l = -27 + h. What is the remainder when l is divided by 14?
12
Suppose 7*w - 2*w + 70 = 0. Let g be 6648/(-28) + 8/w. Calculate the remainder when 77 is divided by g/(-15) - (-22)/165.
13
Let b(h) = 2*h - 1. Let j(a) = a**3 + 3*a**3 + a**3 + 2*a**2 - 4*a - 4*a**3. Let f be j(-3). What is the remainder when b(f) is divided by 2?
1
Suppose -4*i - 4*i - 96 = 0. Let p(k) = k**3 + 12*k**2 + 14. Let m(c) = c**2 + 6*c + 4. Calculate the remainder when p(i) is divided by m(-6).
2
Suppose -d = -4*d - 2*a + 56, 4*a = -2*d + 24. Suppose 2*j - 86 - 84 = 0. What is the remainder when j is divided by d?
19
Suppose -5*p + 90 = 2*t, 5*p - 3*t - 92 + 2 = 0. What is the remainder when 82 is divided by p?
10
Suppose -9*c + 220 = 2*c. Calculate the remainder when c is divided by 8.
4
Suppose -3*r = -5*u - r + 13, 5*u + r - 16 = 0. Suppose -4*i - 2*q + 30 = 0, -60 = -2*i - u*i + 2*q. Calculate the remainder when 15 is divided by i.
5
Let o(c) = 5*c - 44. Suppose 0*u - 52 = -4*u. What is the remainder when o(u) is divided by 13?
8
Suppose 0 = -4*d + 3*d - v + 1059, -d = -v - 1049. What is the remainder when d is divided by 33?
31
Let p = 52 + -52. Let r(h) = -3*h + 21. Let v(z) = z**3 + 7*z**2 - z - 3. Calculate the remainder when v(-6) is divided by r(p).
18
Let x = -80 + 120. What is the remainder when x is divided by 6?
4
Suppose -2*j = 3*j - 35. Suppose 0 = 2*f - 6*f + 16. Calculate the remainder when (j/3)/((-4)/(-12)) is divided by f.
3
What is the remainder when 174 is divided by (450/(-24))/((-33)/44)?
24
Let y = 76 + -51. Let a be 8/(-64)*1 - (-41)/8. Suppose q - 2*o = 7, q - 2 = 3*o + a. Calculate the remainder when y is divided by q.
4
Let x = 10 + 3. Suppose -q + 0 = -x. What is the remainder when 63 is divided by q?
11
Suppose 0 = -3*h + 6*p - 4*p + 64, -3*h + 3*p = -69. Let f be h/81 + 490/(-18). Let r = -18 - f. Calculate the remainder when r is divided by 4.
1
Suppose 4*q + q + 2*t = 65, -65 = -5*q + 4*t. Let j be (-2)/3 - (-416)/(-6). Let g = -19 - j. What is the remainder when g is divided by q?
12
Let i be (12/(-8))/(6/(-8)). Suppose -3*q + 0*q = -i*f + 22, f = 2*q + 13. What is the remainder when 59 is divided by 19 + (-4)/(q - 0)?
19
Suppose -11 + 22 = n + 2*p, 0 = -3*n - 2*p + 45. Calculate the remainder when 35 is divided by n.
1
Let z(f) = 2*f - 2. Let j be z(0). Calculate the remainder when 14 is divided by j + 5 + -3 - -3.
2
Let o(y) = y**2 - 5*y + 14. Let k be o(6). What is the remainder when 5 is divided by (k/(-35))/(2/(-14))?
1
Let c(p) = p**2 - 51*p + 769. Calculate the remainder when c(33) is divided by 74.
27
Let l = -91 + 137. Let q(n) = 2*n**2 - 4*n - 3. Let d be q(5). Calculate the remainder when l is divided by 18/1*(-3)/d*-12.
22
Let f = 45 + -17. Let l(v) = v - 24. Let q be l(-9). Calculate the remainder when (1 + 32)*(-55)/q is divided by f.
27
Let i = 3440 + -1798. Calculate the remainder when i is divided by 137.
135
Let c(a) = a**2 + 3*a - 40. What is the remainder when c(-13) is divided by 17?
5
Let v = 0 - -1. Suppose z - v = 4. Suppose j - 4*n - 19 = 0, -3*j + 6*n - 2*n + 57 = 0. Calculate the remainder when j is divided by z.
4
Suppose -5*k + 72 - 22 = 0. Let u = 385 - 357. What is the remainder when u is divided by k?
8
Let f = -389 - -401. Calculate the remainder when 116 is divided by f.
8
Let d = -102 + 118. Calculate the remainder when 29 is divided by d.
13
Let l = 38 - -85. Calculate the remainder when l is divided by 44.
35
Let u = 18 + -13. Suppose u*d - 90 = 5*f, -d + 5*f = 2*f - 14. Suppose -s = 8 - d. What is the remainder when 22 is divided by s?
10
Let n = 7 - 6. What is the remainder when 74 is divided by 22 + n + 3 + -7?
17
Suppose -5*o + 157 = -3*j, 8*o + j - 54 = 6*o. Let x = -8 + o. Calculate the remainder when 82 is divided by x.
19
Let o(i) = 10*i - 252. What is the remainder when 53 is divided by o(27)?
17
Let o(i) = i**3 + 16*i**2 - 8*i - 1. Let w(n) = 16*n**2 - 7*n - 1. Let h(j) = 2*o(j) - 3*w(j). Calculate the remainder when 120 is divided by h(8).
38
Suppose 3*b - 30 = 3*c - 126, -5*b = -2*c + 67. Suppose -4*n + 45 = -4*z - c, -5*z + 20 = 0. Calculate the remainder when n is divided by 8.
7
Let v(b) = b**2 - 11*b - 35. Let f be v(15). Suppose 0*u = -5*u - f, -1 = -2*p - u. Calculate the remainder when 19 is divided by p.
1
Let h(t) = -t - 19. Let f be h(-10). Let a(m) = -m**3 - 8*m**2 + 9*m + 3. What is the remainder when 5 is divided by a(f)?
2
Suppose -3*x - x = -12. Let p(r) = 11*r + 4. Let i(o) = -19*o**3 + o**2 - 1. Calculate the remainder when p(x) is divided by i(-1).
18
Let d = 44 + 32. Calculate the remainder when d is divided by 26.
24
Let r = 6 + 8. Let p = 15 - 29. Let j = -6 - p. What is the remainder when r is divided by j?
6
Suppose 8*r - 856 = 64. Calculate the remainder when r is divided by 7.
3
Suppose 0 = -14*g + 1344 - 448. Suppose 0 = 2*w + 2*r - 12, 0 = -5*w + 3*r - 12 + 2. What is the remainder when 1 + g + -3 + w is divided by 16?
15
Suppose 3*b = -0*b - r + 12, 5*r = -b - 10. What is the remainder when 5 is divided by b?
0
Let w(r) = 5*r + 69. Let u(a) = -100*a**3 - a - 1. What is the remainder when u(-1) is divided by w(-7)?
32
Suppose 5*i - 3*i - 6 = -4*t, -2*t - 8 = 0. Let u(k) = k**2 + 2*k + 3. Calculate the remainder when u(3) is divided by i.
7
Let k(x) = -48 - 2*x**2 + 3*x**2 + 7 + 13*x. Calcul